{"id":2248,"date":"2023-09-17T17:51:33","date_gmt":"2023-09-17T16:51:33","guid":{"rendered":"http:\/\/josip-rukelj.from.hr\/?page_id=2248"},"modified":"2025-06-07T12:40:20","modified_gmt":"2025-06-07T11:40:20","slug":"2-razred-etika","status":"publish","type":"page","link":"http:\/\/josip-rukelj.from.hr\/?page_id=2248","title":{"rendered":"2. razred (etika)"},"content":{"rendered":"<h1><a href=\"http:\/\/josip-rukelj.from.hr\/files\/2024\/03\/Etika-2.raz_.png\"><img loading=\"lazy\" class=\"alignnone size-thumbnail wp-image-2342\" src=\"http:\/\/josip-rukelj.from.hr\/files\/2024\/03\/Etika-2.raz_-150x150.png\" alt=\"\" width=\"150\" height=\"150\" srcset=\"http:\/\/josip-rukelj.from.hr\/files\/2024\/03\/Etika-2.raz_-150x150.png 150w, http:\/\/josip-rukelj.from.hr\/files\/2024\/03\/Etika-2.raz_-300x300.png 300w, http:\/\/josip-rukelj.from.hr\/files\/2024\/03\/Etika-2.raz_.png 547w\" sizes=\"(max-width: 150px) 100vw, 150px\" \/><br \/>\n<\/a><\/h1>\n<h1>I. LJUDSKA PRIRODA:<\/h1>\n<h1>1. Uvodni sat<br \/>\n2. Uvod u temu: Ljudska priroda<br \/>\n3. Ljudska priroda i tehnolo\u0161ki napredak<br \/>\n4. Tradicija i suvremenost<\/h1>\n<h1>II. \u017dIVOT I IZAZOVI NA \u017dIVOTNOME PUTU:<\/h1>\n<h1>5. Kako u \u017eivotu postati uspje\u0161nima?<br \/>\n6. Su\u017eivot i suradnja \u2013 solidarnost<br \/>\n7. <a href=\"https:\/\/drive.google.com\/file\/d\/1eJMv1FOepDBIjMzDkXv9s9b317g4SfNW\/view?usp=sharing\" target=\"_blank\" rel=\"noopener\">Kada \u017eivot poprimi druga\u010diji smisao<\/a><br \/>\n8. Grani\u010dne situacije i ranjivost<br \/>\n9. <a href=\"https:\/\/testmoz.com\/14073026\/\" target=\"_blank\" rel=\"noopener\">Ponavljanje i provjera znanja<\/a><br \/>\n10. Radni list \/ sastav ili esej<\/h1>\n<p><a href=\"http:\/\/josip-rukelj.from.hr\/files\/2024\/11\/Etika-2.raz-1.png\" target=\"_blank\" rel=\"noopener\"><img loading=\"lazy\" class=\"alignnone wp-image-2413 size-thumbnail\" src=\"http:\/\/josip-rukelj.from.hr\/files\/2024\/11\/Etika-2.raz-1-150x150.png\" alt=\"\" width=\"150\" height=\"150\" srcset=\"http:\/\/josip-rukelj.from.hr\/files\/2024\/11\/Etika-2.raz-1-150x150.png 150w, http:\/\/josip-rukelj.from.hr\/files\/2024\/11\/Etika-2.raz-1-300x300.png 300w, http:\/\/josip-rukelj.from.hr\/files\/2024\/11\/Etika-2.raz-1.png 635w\" sizes=\"(max-width: 150px) 100vw, 150px\" \/><\/a><\/p>\n<h1>III. RAZNOLIKOST KULTURA:<\/h1>\n<h1>11. Kultura zapada i globalni jezik<br \/>\n12. Nezapadnja\u010dke kulture \u2013 Aborid\u017eini<br \/>\n13. Multikulturalizam i globalna etika<br \/>\n14. Problem kulturnog imperijalizma i balkanizacija<br \/>\n15. Ponavljanje i provjera znanja<\/h1>\n<h1>IV: DRU\u0160TVO I DR\u017dAVA<\/h1>\n<h1>16. Nastanak i svrha dru\u0161tva i dr\u017eave<br \/>\n17. Sigurnost i blagostanje u dr\u017eavi<br \/>\n18. Politi\u010dke doktrine i eti\u010dki problemi: lijevo, desno i centar<\/h1>\n<h1><a href=\"https:\/\/testmoz.com\/14273016\" target=\"_blank\" rel=\"noopener\">Ponavljanje i provjera: Raznolikost kultura i Dru\u0161tvo i dr\u017eava<\/a><\/h1>\n<p><a href=\"http:\/\/josip-rukelj.from.hr\/files\/2025\/02\/Raznolikost-kultura-i-Drustvo-i-drzava.png\"><img loading=\"lazy\" class=\"alignnone wp-image-2459 size-thumbnail\" src=\"http:\/\/josip-rukelj.from.hr\/files\/2025\/02\/Raznolikost-kultura-i-Drustvo-i-drzava-150x150.png\" alt=\"\" width=\"150\" height=\"150\" srcset=\"http:\/\/josip-rukelj.from.hr\/files\/2025\/02\/Raznolikost-kultura-i-Drustvo-i-drzava-150x150.png 150w, http:\/\/josip-rukelj.from.hr\/files\/2025\/02\/Raznolikost-kultura-i-Drustvo-i-drzava-300x300.png 300w, http:\/\/josip-rukelj.from.hr\/files\/2025\/02\/Raznolikost-kultura-i-Drustvo-i-drzava.png 547w\" sizes=\"(max-width: 150px) 100vw, 150px\" \/><\/a><\/p>\n<h1>19. Mo\u0107 gra\u0111anstva<br \/>\n20. Protiv represivnog re\u017eima<br \/>\n21. Utopija ili distopicja<br \/>\n22. Ponavljanje i provjera znanja<\/h1>\n<h1>V. LJUDSKA PRAVA I POKRETI ZA ZA\u0160TITU LJUDSKIH PRAVA<\/h1>\n<h1>23. Gra\u0111anska kompetencija<br \/>\n24. Op\u0107a deklaracija o ljudskim pravima<br \/>\n25. Debate o ljudskim pravima<br \/>\n26. Feminizam i prava \u017eena<br \/>\n27. Diskriminacija obiteljskih zajednica<\/h1>\n<h1>VI. SUVREMENE PRIJETNJE LJUDSKIM PRAVIMA<\/h1>\n<h1>28. Kapitalizam i siroma\u0161tvo<br \/>\n29. Kvaliteta \u017eivota i \u017eivotni standard u globaliziranom svijetu<br \/>\n30. Ekologisti\u010dki pokreti: Projekt Veliki \u010dovjekoliki majmun<br \/>\n31. Anti-\/alter- globalizacijski pokreti: Bitka u Seattleu<br \/>\n32. Komercijalizacija spolnosti i ljudska prava<br \/>\n33. Trgovina ljudima i seksualno ropstvo<br \/>\n34. (Ne)povjerenje u demokratski sustav<br \/>\n35. Zaklju\u010divanje ocjena&nbsp;<\/h1>\n<p><strong><a href=\"https:\/\/wordwall.net\/play\/93343\/767\/492\" target=\"_blank\" rel=\"noopener\">Ponavljanje: pojmovi (Pojmovnik)<\/a><\/strong><\/p>\n<p><a href=\"http:\/\/josip-rukelj.from.hr\/files\/2025\/06\/et.poj-2-raz.png\" target=\"_blank\" rel=\"noopener\"><img loading=\"lazy\" class=\"alignnone wp-image-2478 size-thumbnail\" src=\"http:\/\/josip-rukelj.from.hr\/files\/2025\/06\/et.poj-2-raz-150x150.png\" alt=\"\" width=\"150\" height=\"150\" srcset=\"http:\/\/josip-rukelj.from.hr\/files\/2025\/06\/et.poj-2-raz-150x150.png 150w, http:\/\/josip-rukelj.from.hr\/files\/2025\/06\/et.poj-2-raz-300x300.png 300w, http:\/\/josip-rukelj.from.hr\/files\/2025\/06\/et.poj-2-raz.png 370w\" sizes=\"(max-width: 150px) 100vw, 150px\" \/><\/a><\/p>\n<p>&nbsp;<\/p>\n<p>&nbsp;<\/p>\n","protected":false},"excerpt":{"rendered":"<p>I. LJUDSKA PRIRODA: 1. Uvodni sat 2. Uvod u temu: Ljudska priroda 3. Ljudska priroda i tehnolo\u0161ki napredak 4. Tradicija i suvremenost II. \u017dIVOT I IZAZOVI NA \u017dIVOTNOME PUTU: 5. Kako u \u017eivotu postati uspje\u0161nima? 6. Su\u017eivot i suradnja \u2013 &hellip; <a href=\"http:\/\/josip-rukelj.from.hr\/?page_id=2248\">Nastavi \u010ditati <span class=\"meta-nav\">&rarr;<\/span><\/a><\/p>\n","protected":false},"author":357,"featured_media":0,"parent":223,"menu_order":0,"comment_status":"closed","ping_status":"closed","template":"","meta":{"ngg_post_thumbnail":0},"yoast_head":"<!-- This site is optimized with the Yoast SEO plugin v17.5 - https:\/\/yoast.com\/wordpress\/plugins\/seo\/ -->\n<meta name=\"robots\" content=\"index, follow, max-snippet:-1, max-image-preview:large, max-video-preview:-1\" \/>\n<link rel=\"canonical\" href=\"http:\/\/josip-rukelj.from.hr\/?page_id=2248\" \/>\n<meta property=\"og:locale\" content=\"hr_HR\" \/>\n<meta property=\"og:type\" content=\"article\" \/>\n<meta property=\"og:title\" content=\"2. razred (etika) - Religiozna kultura i etika\" \/>\n<meta property=\"og:description\" content=\"I. LJUDSKA PRIRODA: 1. Uvodni sat 2. Uvod u temu: Ljudska priroda 3. Ljudska priroda i tehnolo\u0161ki napredak 4. Tradicija i suvremenost II. \u017dIVOT I IZAZOVI NA \u017dIVOTNOME PUTU: 5. Kako u \u017eivotu postati uspje\u0161nima? 6. Su\u017eivot i suradnja \u2013 &hellip; Nastavi \u010ditati &rarr;\" \/>\n<meta property=\"og:url\" content=\"http:\/\/josip-rukelj.from.hr\/?page_id=2248\" \/>\n<meta property=\"og:site_name\" content=\"Religiozna kultura i etika\" \/>\n<meta property=\"article:modified_time\" content=\"2025-06-07T11:40:20+00:00\" \/>\n<meta property=\"og:image\" content=\"http:\/\/from.hr\/josip-rukelj\/files\/2024\/03\/Etika-2.raz_-150x150.png\" \/>\n<meta name=\"twitter:card\" content=\"summary\" \/>\n<meta name=\"twitter:label1\" content=\"Procijenjeno vrijeme \u010ditanja\" \/>\n\t<meta name=\"twitter:data1\" content=\"2 minute\" \/>\n<script type=\"application\/ld+json\" class=\"yoast-schema-graph\">{\"@context\":\"https:\/\/schema.org\",\"@graph\":[{\"@type\":[\"Person\",\"Organization\"],\"@id\":\"http:\/\/josip-rukelj.from.hr\/#\/schema\/person\/aea8c0e9f30d13d5482591504b7e2d90\",\"name\":\"josip-rukelj\",\"logo\":{\"@id\":\"http:\/\/josip-rukelj.from.hr\/#personlogo\"},\"sameAs\":[\"http:\/\/www.josiprukelj.com\"]},{\"@type\":\"WebSite\",\"@id\":\"http:\/\/josip-rukelj.from.hr\/#website\",\"url\":\"http:\/\/josip-rukelj.from.hr\/\",\"name\":\"Religiozna kultura i etika\",\"description\":\"Upoznaj samog sebe\",\"publisher\":{\"@id\":\"http:\/\/josip-rukelj.from.hr\/#\/schema\/person\/aea8c0e9f30d13d5482591504b7e2d90\"},\"potentialAction\":[{\"@type\":\"SearchAction\",\"target\":{\"@type\":\"EntryPoint\",\"urlTemplate\":\"http:\/\/josip-rukelj.from.hr\/?s={search_term_string}\"},\"query-input\":\"required name=search_term_string\"}],\"inLanguage\":\"hr\"},{\"@type\":\"ImageObject\",\"@id\":\"http:\/\/josip-rukelj.from.hr\/?page_id=2248#primaryimage\",\"inLanguage\":\"hr\",\"url\":\"http:\/\/from.hr\/josip-rukelj\/files\/2024\/03\/Etika-2.raz_-150x150.png\",\"contentUrl\":\"http:\/\/from.hr\/josip-rukelj\/files\/2024\/03\/Etika-2.raz_-150x150.png\"},{\"@type\":\"WebPage\",\"@id\":\"http:\/\/josip-rukelj.from.hr\/?page_id=2248#webpage\",\"url\":\"http:\/\/josip-rukelj.from.hr\/?page_id=2248\",\"name\":\"2. razred (etika) - Religiozna kultura i etika\",\"isPartOf\":{\"@id\":\"http:\/\/josip-rukelj.from.hr\/#website\"},\"primaryImageOfPage\":{\"@id\":\"http:\/\/josip-rukelj.from.hr\/?page_id=2248#primaryimage\"},\"datePublished\":\"2023-09-17T16:51:33+00:00\",\"dateModified\":\"2025-06-07T11:40:20+00:00\",\"breadcrumb\":{\"@id\":\"http:\/\/josip-rukelj.from.hr\/?page_id=2248#breadcrumb\"},\"inLanguage\":\"hr\",\"potentialAction\":[{\"@type\":\"ReadAction\",\"target\":[\"http:\/\/josip-rukelj.from.hr\/?page_id=2248\"]}]},{\"@type\":\"BreadcrumbList\",\"@id\":\"http:\/\/josip-rukelj.from.hr\/?page_id=2248#breadcrumb\",\"itemListElement\":[{\"@type\":\"ListItem\",\"position\":1,\"name\":\"Home\",\"item\":\"http:\/\/josip-rukelj.from.hr\/\"},{\"@type\":\"ListItem\",\"position\":2,\"name\":\"Etika\",\"item\":\"http:\/\/josip-rukelj.from.hr\/?page_id=223\"},{\"@type\":\"ListItem\",\"position\":3,\"name\":\"2. razred (etika)\"}]}]}<\/script>\n<!-- \/ Yoast SEO plugin. -->","yoast_head_json":{"robots":{"index":"index","follow":"follow","max-snippet":"max-snippet:-1","max-image-preview":"max-image-preview:large","max-video-preview":"max-video-preview:-1"},"canonical":"http:\/\/josip-rukelj.from.hr\/?page_id=2248","og_locale":"hr_HR","og_type":"article","og_title":"2. razred (etika) - Religiozna kultura i etika","og_description":"I. LJUDSKA PRIRODA: 1. Uvodni sat 2. Uvod u temu: Ljudska priroda 3. Ljudska priroda i tehnolo\u0161ki napredak 4. Tradicija i suvremenost II. \u017dIVOT I IZAZOVI NA \u017dIVOTNOME PUTU: 5. Kako u \u017eivotu postati uspje\u0161nima? 6. Su\u017eivot i suradnja \u2013 &hellip; Nastavi \u010ditati &rarr;","og_url":"http:\/\/josip-rukelj.from.hr\/?page_id=2248","og_site_name":"Religiozna kultura i etika","article_modified_time":"2025-06-07T11:40:20+00:00","og_image":[{"url":"http:\/\/from.hr\/josip-rukelj\/files\/2024\/03\/Etika-2.raz_-150x150.png"}],"twitter_card":"summary","twitter_misc":{"Procijenjeno vrijeme \u010ditanja":"2 minute"},"schema":{"@context":"https:\/\/schema.org","@graph":[{"@type":["Person","Organization"],"@id":"http:\/\/josip-rukelj.from.hr\/#\/schema\/person\/aea8c0e9f30d13d5482591504b7e2d90","name":"josip-rukelj","logo":{"@id":"http:\/\/josip-rukelj.from.hr\/#personlogo"},"sameAs":["http:\/\/www.josiprukelj.com"]},{"@type":"WebSite","@id":"http:\/\/josip-rukelj.from.hr\/#website","url":"http:\/\/josip-rukelj.from.hr\/","name":"Religiozna kultura i etika","description":"Upoznaj samog sebe","publisher":{"@id":"http:\/\/josip-rukelj.from.hr\/#\/schema\/person\/aea8c0e9f30d13d5482591504b7e2d90"},"potentialAction":[{"@type":"SearchAction","target":{"@type":"EntryPoint","urlTemplate":"http:\/\/josip-rukelj.from.hr\/?s={search_term_string}"},"query-input":"required name=search_term_string"}],"inLanguage":"hr"},{"@type":"ImageObject","@id":"http:\/\/josip-rukelj.from.hr\/?page_id=2248#primaryimage","inLanguage":"hr","url":"http:\/\/from.hr\/josip-rukelj\/files\/2024\/03\/Etika-2.raz_-150x150.png","contentUrl":"http:\/\/from.hr\/josip-rukelj\/files\/2024\/03\/Etika-2.raz_-150x150.png"},{"@type":"WebPage","@id":"http:\/\/josip-rukelj.from.hr\/?page_id=2248#webpage","url":"http:\/\/josip-rukelj.from.hr\/?page_id=2248","name":"2. razred (etika) - Religiozna kultura i etika","isPartOf":{"@id":"http:\/\/josip-rukelj.from.hr\/#website"},"primaryImageOfPage":{"@id":"http:\/\/josip-rukelj.from.hr\/?page_id=2248#primaryimage"},"datePublished":"2023-09-17T16:51:33+00:00","dateModified":"2025-06-07T11:40:20+00:00","breadcrumb":{"@id":"http:\/\/josip-rukelj.from.hr\/?page_id=2248#breadcrumb"},"inLanguage":"hr","potentialAction":[{"@type":"ReadAction","target":["http:\/\/josip-rukelj.from.hr\/?page_id=2248"]}]},{"@type":"BreadcrumbList","@id":"http:\/\/josip-rukelj.from.hr\/?page_id=2248#breadcrumb","itemListElement":[{"@type":"ListItem","position":1,"name":"Home","item":"http:\/\/josip-rukelj.from.hr\/"},{"@type":"ListItem","position":2,"name":"Etika","item":"http:\/\/josip-rukelj.from.hr\/?page_id=223"},{"@type":"ListItem","position":3,"name":"2. razred (etika)"}]}]}},"_links":{"self":[{"href":"http:\/\/josip-rukelj.from.hr\/index.php?rest_route=\/wp\/v2\/pages\/2248"}],"collection":[{"href":"http:\/\/josip-rukelj.from.hr\/index.php?rest_route=\/wp\/v2\/pages"}],"about":[{"href":"http:\/\/josip-rukelj.from.hr\/index.php?rest_route=\/wp\/v2\/types\/page"}],"author":[{"embeddable":true,"href":"http:\/\/josip-rukelj.from.hr\/index.php?rest_route=\/wp\/v2\/users\/357"}],"replies":[{"embeddable":true,"href":"http:\/\/josip-rukelj.from.hr\/index.php?rest_route=%2Fwp%2Fv2%2Fcomments&post=2248"}],"version-history":[{"count":22,"href":"http:\/\/josip-rukelj.from.hr\/index.php?rest_route=\/wp\/v2\/pages\/2248\/revisions"}],"predecessor-version":[{"id":2481,"href":"http:\/\/josip-rukelj.from.hr\/index.php?rest_route=\/wp\/v2\/pages\/2248\/revisions\/2481"}],"up":[{"embeddable":true,"href":"http:\/\/josip-rukelj.from.hr\/index.php?rest_route=\/wp\/v2\/pages\/223"}],"wp:attachment":[{"href":"http:\/\/josip-rukelj.from.hr\/index.php?rest_route=%2Fwp%2Fv2%2Fmedia&parent=2248"}],"curies":[{"name":"wp","href":"https:\/\/api.w.org\/{rel}","templated":true}]}}