{"id":303,"date":"2014-08-24T19:35:38","date_gmt":"2014-08-24T18:35:38","guid":{"rendered":"http:\/\/josip-rukelj.from.hr\/?page_id=303"},"modified":"2023-01-21T20:26:31","modified_gmt":"2023-01-21T19:26:31","slug":"filmovi","status":"publish","type":"page","link":"http:\/\/josip-rukelj.from.hr\/?page_id=303","title":{"rendered":"Video"},"content":{"rendered":"<p><iframe loading=\"lazy\" title=\"Pjevajmo malo glasnije\" width=\"584\" height=\"329\" src=\"https:\/\/www.youtube.com\/embed\/9KWm4Kbk5kQ?start=33&#038;feature=oembed\" frameborder=\"0\" allow=\"accelerometer; autoplay; clipboard-write; encrypted-media; gyroscope; picture-in-picture; web-share\" allowfullscreen><\/iframe><\/p>\n<hr>\n<blockquote class=\"wp-embedded-content\" data-secret=\"PMme955vIW\"><p><a href=\"https:\/\/www.bitno.net\/mulitmedija\/video\/video-zajednica-arka-snimila-je-dojmljiv-video-nadahnut-lukinim-evandeljem-kad-priredujes-gozbu\/\">VIDEO Zajednica Arka snimila je dojmljiv video nadahnut Lukinim evan\u0111eljem: Kad prire\u0111uje\u0161 gozbu&#8230;<\/a><\/p><\/blockquote>\n<p><iframe class=\"wp-embedded-content\" sandbox=\"allow-scripts\" security=\"restricted\" style=\"position: absolute; clip: rect(1px, 1px, 1px, 1px);\" title=\"&#8220;VIDEO Zajednica Arka snimila je dojmljiv video nadahnut Lukinim evan\u0111eljem: Kad prire\u0111uje\u0161 gozbu&#8230;&#8221; &#8212; Bitno.net\" src=\"https:\/\/www.bitno.net\/mulitmedija\/video\/video-zajednica-arka-snimila-je-dojmljiv-video-nadahnut-lukinim-evandeljem-kad-priredujes-gozbu\/embed\/#?secret=nyWwdz2Sej#?secret=PMme955vIW\" data-secret=\"PMme955vIW\" width=\"584\" height=\"329\" frameborder=\"0\" marginwidth=\"0\" marginheight=\"0\" scrolling=\"no\"><\/iframe><\/p>\n<hr>\n<h1 class=\"style-scope ytd-watch-metadata\"><a href=\"https:\/\/www.youtube.com\/watch?v=XxM-C2yfozY\" target=\"_blank\" rel=\"noopener\">Bo\u017eja pobjeda [LIVE] &#8211; VI\u0160E TEBE #3 \u2013 Du\u0161e Sveti, dobrodo\u0161ao\/Dubine\/Evo dajem sve\/Divan si<\/a><\/h1>\n<p><iframe loading=\"lazy\" title=\"Bo\u017eja pobjeda [LIVE] - VI\u0160E TEBE #3 \u2013 Du\u0161e Sveti, dobrodo\u0161ao\/Dubine\/Evo dajem sve\/Divan si\" width=\"584\" height=\"329\" src=\"https:\/\/www.youtube.com\/embed\/XxM-C2yfozY?feature=oembed\" frameborder=\"0\" allow=\"accelerometer; autoplay; clipboard-write; encrypted-media; gyroscope; picture-in-picture; web-share\" allowfullscreen><\/iframe><\/p>\n<hr>\n<h1 class=\"style-scope ytd-watch-metadata\"><a href=\"https:\/\/www.youtube.com\/watch?v=E7bVu6_sGa4\" target=\"_blank\" rel=\"noopener\">Pred Tobom\/Di\u0161em\/Ti moj si \u0161tit<\/a><\/h1>\n<p><iframe loading=\"lazy\" title=\"Bo\u017eja pobjeda [LIVE] - VI\u0160E TEBE #2 \u2013 Pred Tobom\/Di\u0161em\/Ti moj si \u0161tit\" width=\"584\" height=\"329\" src=\"https:\/\/www.youtube.com\/embed\/E7bVu6_sGa4?feature=oembed\" frameborder=\"0\" allow=\"accelerometer; autoplay; clipboard-write; encrypted-media; gyroscope; picture-in-picture; web-share\" allowfullscreen><\/iframe><\/p>\n<hr>\n<h1 class=\"style-scope ytd-watch-metadata\"><a href=\"https:\/\/www.youtube.com\/watch?v=XBPlXh1bVC0\" target=\"_blank\" rel=\"noopener\">Bo\u017eja pobjeda [LIVE] &#8211; VI\u0160E TEBE #1 \u2013 Du\u0161e Sveti\/Bo\u017eja ljubav\/Yeshua<\/a><\/h1>\n<p><iframe loading=\"lazy\" title=\"Bo\u017eja pobjeda [LIVE] - VI\u0160E TEBE #1 \u2013 Du\u0161e Sveti\/Bo\u017eja ljubav\/Yeshua\" width=\"584\" height=\"329\" src=\"https:\/\/www.youtube.com\/embed\/XBPlXh1bVC0?feature=oembed\" frameborder=\"0\" allow=\"accelerometer; autoplay; clipboard-write; encrypted-media; gyroscope; picture-in-picture; web-share\" allowfullscreen><\/iframe><\/p>\n<hr>\n<p><a href=\"https:\/\/www.youtube.com\/channel\/UCUbp0kS6JIGdYxY6_T6Fyyg\/videos\" target=\"_blank\" rel=\"noopener\">Biblija 365<\/a> &#8211; <a href=\"http:\/\/josip-rukelj.from.hr\/files\/2022\/10\/Biblija-365-qr-code-2.png\"><img loading=\"lazy\" class=\"alignnone wp-image-2164 size-thumbnail\" src=\"http:\/\/josip-rukelj.from.hr\/files\/2022\/10\/Biblija-365-qr-code-2-150x150.png\" alt=\"\" width=\"150\" height=\"150\" srcset=\"http:\/\/josip-rukelj.from.hr\/files\/2022\/10\/Biblija-365-qr-code-2-150x150.png 150w, http:\/\/josip-rukelj.from.hr\/files\/2022\/10\/Biblija-365-qr-code-2-300x300.png 300w, http:\/\/josip-rukelj.from.hr\/files\/2022\/10\/Biblija-365-qr-code-2.png 722w\" sizes=\"(max-width: 150px) 100vw, 150px\" \/><\/a><\/p>\n<hr>\n<p><a href=\"http:\/\/odtogadana.com\/\">Od toga dana \u2013 Film<\/a><\/p>\n<p><a href=\"https:\/\/www.youtube.com\/watch?v=xcF-nNC4kD8&amp;t=1s\">OD TOGA DANA &#8211; FILM &#8211; YouTube<\/a><\/p>\n<hr>\n<p><iframe class=\"wp-embedded-content\" sandbox=\"allow-scripts\" security=\"restricted\" title=\"&#8220;Ovaj film napravljen je za 30 minuta, traje 4 i osvojio je Oscara!&#8221; &#8212; HKM\" src=\"https:\/\/hkm.hr\/kultura\/ovaj-film-napravljen-je-za-30-minuta-traje-4-i-osvojio-je-oscara\/embed\/#?secret=3W8Z1rcvKm\" data-secret=\"3W8Z1rcvKm\" width=\"584\" height=\"329\" frameborder=\"0\" marginwidth=\"0\" marginheight=\"0\" scrolling=\"no\"><\/iframe><\/p>\n<hr>\n<p><a href=\"https:\/\/www.youtube.com\/watch?v=DKDLbMVjl9k&amp;t=86s\" target=\"_blank\" rel=\"noopener\">Dakle, trudna si&#8230; &#8211; YouTube<\/a><\/p>\n<hr>\n<p><strong>Fra Miro:<\/strong> <a href=\"https:\/\/www.youtube.com\/watch?v=6hQuYqIg-eo\" target=\"_blank\" rel=\"noopener\">https:\/\/www.youtube.com\/watch?v=6hQuYqIg-eo<\/a><\/p>\n<p><strong>Pri\u010da iz Tanzanije:<\/strong>&nbsp;<a href=\"https:\/\/www.youtube.com\/watch?v=zhOKsYwI0ds\" target=\"_blank\" rel=\"noopener\">https:\/\/www.youtube.com\/watch?v=zhOKsYwI0ds<\/a><\/p>\n<hr>\n<p><a href=\"https:\/\/www.youtube.com\/watch?v=tmrS7tCZ17I\">ZARAZNI | EPIZODA 1 &#8211; GRILEX &#8211; YouTube<\/a><\/p>\n<hr>\n<p><a href=\"https:\/\/www.youtube.com\/watch?v=6xJ_NJD46LE&amp;feature=youtu.be\">APSURD MATERIJALISTI\u010cKE IDEOLOGIJE &#8211; YouTube<\/a><\/p>\n<hr>\n<p><strong><a href=\"https:\/\/gloria.tv\/?fbclid=IwAR1iXjtw4dS0gKkwbRDlEzZlOqDr2kpCwz1wQcIER0SNWu9hvdJ70AA363I&amp;post=8g8SZUvNCzSm2wXcfKuTeTXp9\" target=\"_blank\" rel=\"noopener\">Veliko \u010dudo (HR) &#8211; Film o svetoj misi<\/a><\/strong><\/p>\n<hr>\n<p><strong><a href=\"http:\/\/sveci.net\/index.php\/video\/5852-prica-o-isusu-za-djecu-hr-sinhronizirani-film\" target=\"_blank\" rel=\"noopener\">Pri\u010da-o-Isusu-za-djecu-hr-sinhronizirani-film<\/a><\/strong><\/p>\n<hr>\n<p><strong><a href=\"https:\/\/carnet-my.sharepoint.com\/:v:\/g\/personal\/josip_rukelj_skole_hr\/EQh0ESD-d3hKrs1M8ffaGu0BK9ZgczU3lDUOcMNA-A0heg?e=maKNEM\" target=\"_blank\" rel=\"noopener\">Mu\u010deni\u0161tvo &#8211; sv. Perpetue i Felicite&nbsp;<\/a>(Povijest svijeta, autor: Andrew Marr)<\/strong><\/p>\n<hr>\n<p><strong><a href=\"https:\/\/carnet-my.sharepoint.com\/:v:\/g\/personal\/josip_rukelj_skole_hr\/EZ-91xRQZ5pAqw8mS-L_15cBKyzP69blHYqu2DTppxY6Aw\" target=\"_blank\" rel=\"noopener\">Pavao &#8211; obra\u0107enje<\/a>&nbsp;(Povijest svijeta, autor: Andrew Marr)<\/strong><\/p>\n<hr>\n<p><strong><a href=\"https:\/\/carnet-my.sharepoint.com\/:v:\/g\/personal\/josip_rukelj_skole_hr\/EXk8tYPkNn5PtIcbeFOFq5UBegL5vBmzbWhnsiGeCeWnJg?e=xj4nKx\" target=\"_blank\" rel=\"noopener\">Anatolija (Turska) &#8211; prvi ljudi i religioznost<\/a>&nbsp;(Povijest svijeta, autor: Andrew Marr)<\/strong><\/p>\n<hr>\n<p><iframe loading=\"lazy\" title=\"Ru\u0111er Bo\u0161kovi\u0107: Sve\u0107enik koji je postao svjetski poznat znanstvenik\" width=\"584\" height=\"329\" src=\"https:\/\/www.youtube.com\/embed\/5E-jtY3RQgQ?feature=oembed\" frameborder=\"0\" allow=\"accelerometer; autoplay; clipboard-write; encrypted-media; gyroscope; picture-in-picture; web-share\" allowfullscreen><\/iframe><\/p>\n<hr>\n<p><a href=\"http:\/\/magazin.hrt.hr\/557607\/price-iz-hrvatske\/zagreb-ocima-beskucnika?jwsource=em\" target=\"_blank\" rel=\"noopener\">https:\/\/magazin.hrt.hr\/557607\/price-iz-hrvatske\/zagreb-ocima-beskucnika<\/a><\/p>\n<hr>\n<p><iframe loading=\"lazy\" title=\"Bo\u017eja \u010dudesa - dokumentarni film\" width=\"584\" height=\"329\" src=\"https:\/\/www.youtube.com\/embed\/sAi5ZcUjCjU?feature=oembed\" frameborder=\"0\" allow=\"accelerometer; autoplay; clipboard-write; encrypted-media; gyroscope; picture-in-picture; web-share\" allowfullscreen><\/iframe><\/p>\n<p><strong>Bo\u017eja \u010dudesa &#8211; dokumentarni film<\/strong><br \/>\n&#8211; 4:51 &#8211; uvod (\u010dovjek, priroda, svemir)<br \/>\n&#8211; 11:30 &#8211; munje. Sunce, galaksije, zvijezde<br \/>\n&#8211; 20:07 &#8211; udaljavanje galaksija (rojeva, ili skupina) &#8211; razapinjanje \u0161atora, nebesa<br \/>\n&#8211; 20:30 &#8211; 25:00 &#8211; atomi, E=mc2 \/A. Einstein), energija=masa puta brzina svjetlosti na kvadrat<br \/>\n&#8211; 25:30 &#8211; 31:05 &#8211; Bo\u017eja mudrost (priroda: voda i snijeg)<br \/>\n&#8211; 31:30 &#8211; 35:20 &#8211; DNK, geni i enzimi<br \/>\n&#8211; 35:22 &#8211; 43:40 &#8211; sjeme, biljke insekti, fotosinteza (li\u0161\u0107e&nbsp;su kao foto-paneli za upijanje energije, proizvodnja hrane)<br \/>\n&#8211; 43:50 &#8211; ribe<br \/>\n&#8211; 48:53 &#8211; ptice<br \/>\n&#8211; 55:18 &#8211; kolibri\u0107 (50-80 puta u sek. krila i 21 puta u sek. srce)<br \/>\n&#8211; 1:00:07 &#8211; 18.000&nbsp; leptira<br \/>\n&#8211; 1:11:00 &#8211; \u010cOVJEK. savjest, zapovijedi, Bo\u017eja ljubav, i ISUS KRIST.<\/p>\n<hr>\n<p><iframe loading=\"lazy\" title=\"The Book of Job\" width=\"584\" height=\"329\" src=\"https:\/\/www.youtube.com\/embed\/GswSg2ohqmA?feature=oembed\" frameborder=\"0\" allow=\"accelerometer; autoplay; clipboard-write; encrypted-media; gyroscope; picture-in-picture; web-share\" allowfullscreen><\/iframe><\/p>\n<p><strong>Uklju\u010di prijevod! &#8211; Knjiga o Jobu<\/strong><\/p>\n<hr>\n<p><iframe loading=\"lazy\" title=\"Bogata\u0161 i Lazar\" width=\"584\" height=\"329\" src=\"https:\/\/www.youtube.com\/embed\/BkD6-knATXw?feature=oembed\" frameborder=\"0\" allow=\"accelerometer; autoplay; clipboard-write; encrypted-media; gyroscope; picture-in-picture; web-share\" allowfullscreen><\/iframe><\/p>\n<hr>\n<p>Poslu\u0161ajte \u0161to akademik, znanstvenik Vladimir Paar govori o odnosu vjere i znanosti.(Predavanje je odr\u017eano u srednjoj \u0161koli u \u010cakovcu.)<\/p>\n<p><iframe loading=\"lazy\" title=\"Srednja \u0161kola \u010cakovec - Vladimir Paar - predavanje - Znanost + Vjera = ?\" width=\"584\" height=\"329\" src=\"https:\/\/www.youtube.com\/embed\/bWEnLdnVUsg?feature=oembed\" frameborder=\"0\" allow=\"accelerometer; autoplay; clipboard-write; encrypted-media; gyroscope; picture-in-picture; web-share\" allowfullscreen><\/iframe><\/p>\n<p>Klju\u010dne rije\u010di:&nbsp;biologija,&nbsp;Bog,&nbsp;evolucija,&nbsp;fizika,&nbsp;genetika,&nbsp;kemija,&nbsp;predavanje,&nbsp;stvaranje svijeta,&nbsp;Stvoritelj,&nbsp;veliki prasak,&nbsp;vjera,&nbsp;znanost,&nbsp;znanstvenik<\/p>\n<hr>\n<h1><a href=\"https:\/\/www.katholisch.de\/video\/24477-kurzfilm-des-monats-fur-januar-love-it-like-it-is\" target=\"_blank\" rel=\"noopener\">Kratki film:&nbsp;Love it like it is&nbsp;<\/a><\/h1>\n<p>Misticizam mo\u017ee imati odgovor.&nbsp;Budisti\u010dki redovnik meditira kao uznemiruju\u0107a muha.&nbsp;Redovnik je nadvladao nagon agresije i pretvara ga u nasmijanu nje\u017enost i kultiviranu pozornost.<\/p>\n<hr>\n<h1><a href=\"https:\/\/vimeo.com\/116631161\" target=\"_blank\" rel=\"noopener\">Schneckentraum (pu\u017eev san)<\/a><\/h1>\n<div class=\"col-md-12 column\">\n<p>Julia je neobi\u010dno srame\u017eljiva.&nbsp;U kafi\u0107u vidi mladi\u0107a koji provodi vrijeme u&nbsp; \u010ditanju. Stvarno joj se svi\u0111a.&nbsp;Julia ga prati i zavr\u0161ava u knji\u017eari.&nbsp;<\/p>\n<p>Ona postaje stalni gost i kupuje mnoge knjige.&nbsp;Jednog dana Oliver vi\u0161e nema.&nbsp;Ona pita vlasnika, koji joj ka\u017ee da je Oliver imao kobnu nesre\u0107u.<\/p>\n<\/div>\n<article id=\"article-body\" class=\"row clearfix\">\n<div class=\"col-md-12 column\">\n<p>Potpuno uznemirena, ona raspakira knjige kod ku\u0107e, koje je Oliver ljubazno zapakirao i do\u017eivi iznena\u0111enje.<\/p>\n<p>Njema\u010dka, 2001, 15 minuta<\/p>\n<p>Film Ivana S\u00e1inz-Parda<\/p>\n<p>Proizvodnja: Wiedemann &amp; Berg Filmproduktion, u koprodukciji s HFF M\u00fcnchen<\/p>\n<\/div>\n<\/article>\n<hr>\n<p><a href=\"https:\/\/vimeo.com\/55260150\" target=\"_blank\" rel=\"noopener\">INKASATOR (BILL COLlECTOR &#8211; iGOR MIRKOVI\u0106))<\/a><\/p>\n<p><a href=\"https:\/\/vimeo.com\/55260152\" target=\"_blank\" rel=\"noopener\">\u0160AMAR (SLAP IN THE FACE, NEBOJ\u0160A SLIJEP\u010cEVI\u0106) &#8211; FILM O PROBLEMU DJECE\/ODRASLIH<\/a><\/p>\n<p><a href=\"https:\/\/vimeo.com\/55260154\" target=\"_blank\" rel=\"noopener\">\u017dUTI MJESEC (ZVONIMIR JURI\u0106, 2009.) \u2013 FILM S OTVORENIM KRAJEM<\/a><\/p>\n<p><iframe loading=\"lazy\" title=\"SVETI  LEOPOLD MANDI\u0106, milosrdni ispovjednik i prorok ekumenizma  -  dokumentarni film\" width=\"584\" height=\"438\" src=\"https:\/\/www.youtube.com\/embed\/YQAwR0tSBlw?feature=oembed\" frameborder=\"0\" allow=\"accelerometer; autoplay; clipboard-write; encrypted-media; gyroscope; picture-in-picture; web-share\" allowfullscreen><\/iframe><\/p>\n<p><iframe loading=\"lazy\" title=\"The Bridge: Father and Son\" width=\"584\" height=\"329\" src=\"https:\/\/www.youtube.com\/embed\/AZJAbyS8xMw?feature=oembed\" frameborder=\"0\" allow=\"accelerometer; autoplay; clipboard-write; encrypted-media; gyroscope; picture-in-picture; web-share\" allowfullscreen><\/iframe><\/p>\n<p><iframe loading=\"lazy\" title=\"Vrijedno \u017ertve (uklju\u010dite prijevod) Worth the sacrifice\" width=\"584\" height=\"438\" src=\"https:\/\/www.youtube.com\/embed\/OEYTNqAhibo?start=119&#038;feature=oembed\" frameborder=\"0\" allow=\"accelerometer; autoplay; clipboard-write; encrypted-media; gyroscope; picture-in-picture; web-share\" allowfullscreen><\/iframe><\/p>\n<p><iframe loading=\"lazy\" title=\"Cirkus Leptira (Butterfly Circus)\" width=\"584\" height=\"329\" src=\"https:\/\/www.youtube.com\/embed\/k9eoWx898Gg?feature=oembed\" frameborder=\"0\" allow=\"accelerometer; autoplay; clipboard-write; encrypted-media; gyroscope; picture-in-picture; web-share\" allowfullscreen><\/iframe><\/p>\n","protected":false},"excerpt":{"rendered":"<p>VIDEO Zajednica Arka snimila je dojmljiv video nadahnut Lukinim evan\u0111eljem: Kad prire\u0111uje\u0161 gozbu&#8230; Bo\u017eja pobjeda [LIVE] &#8211; VI\u0160E TEBE #3 \u2013 Du\u0161e Sveti, dobrodo\u0161ao\/Dubine\/Evo dajem sve\/Divan si Pred Tobom\/Di\u0161em\/Ti moj si \u0161tit Bo\u017eja pobjeda [LIVE] &#8211; VI\u0160E TEBE #1 \u2013 &hellip; <a href=\"http:\/\/josip-rukelj.from.hr\/?page_id=303\">Nastavi \u010ditati <span class=\"meta-nav\">&rarr;<\/span><\/a><\/p>\n","protected":false},"author":357,"featured_media":0,"parent":0,"menu_order":0,"comment_status":"closed","ping_status":"closed","template":"","meta":{"ngg_post_thumbnail":0},"yoast_head":"<!-- This site is optimized with the Yoast SEO plugin v17.5 - https:\/\/yoast.com\/wordpress\/plugins\/seo\/ -->\n<meta name=\"robots\" content=\"index, follow, max-snippet:-1, max-image-preview:large, max-video-preview:-1\" \/>\n<link rel=\"canonical\" href=\"http:\/\/josip-rukelj.from.hr\/?page_id=303\" \/>\n<meta property=\"og:locale\" content=\"hr_HR\" \/>\n<meta property=\"og:type\" content=\"article\" \/>\n<meta property=\"og:title\" content=\"Video - Religiozna kultura i etika\" \/>\n<meta property=\"og:description\" content=\"VIDEO Zajednica Arka snimila je dojmljiv video nadahnut Lukinim evan\u0111eljem: Kad prire\u0111uje\u0161 gozbu&#8230; Bo\u017eja pobjeda [LIVE] &#8211; VI\u0160E TEBE #3 \u2013 Du\u0161e Sveti, dobrodo\u0161ao\/Dubine\/Evo dajem sve\/Divan si Pred Tobom\/Di\u0161em\/Ti moj si \u0161tit Bo\u017eja pobjeda [LIVE] &#8211; VI\u0160E TEBE #1 \u2013 &hellip; Nastavi \u010ditati &rarr;\" \/>\n<meta property=\"og:url\" content=\"http:\/\/josip-rukelj.from.hr\/?page_id=303\" \/>\n<meta property=\"og:site_name\" content=\"Religiozna kultura i etika\" \/>\n<meta property=\"article:modified_time\" content=\"2023-01-21T19:26:31+00:00\" \/>\n<meta property=\"og:image\" content=\"http:\/\/from.hr\/josip-rukelj\/files\/2022\/10\/Biblija-365-qr-code-2-150x150.png\" \/>\n<meta name=\"twitter:card\" content=\"summary\" \/>\n<meta name=\"twitter:label1\" content=\"Procijenjeno vrijeme \u010ditanja\" \/>\n\t<meta name=\"twitter:data1\" content=\"2 minute\" \/>\n<script type=\"application\/ld+json\" class=\"yoast-schema-graph\">{\"@context\":\"https:\/\/schema.org\",\"@graph\":[{\"@type\":[\"Person\",\"Organization\"],\"@id\":\"http:\/\/josip-rukelj.from.hr\/#\/schema\/person\/aea8c0e9f30d13d5482591504b7e2d90\",\"name\":\"josip-rukelj\",\"logo\":{\"@id\":\"http:\/\/josip-rukelj.from.hr\/#personlogo\"},\"sameAs\":[\"http:\/\/www.josiprukelj.com\"]},{\"@type\":\"WebSite\",\"@id\":\"http:\/\/josip-rukelj.from.hr\/#website\",\"url\":\"http:\/\/josip-rukelj.from.hr\/\",\"name\":\"Religiozna kultura i etika\",\"description\":\"Upoznaj samog sebe\",\"publisher\":{\"@id\":\"http:\/\/josip-rukelj.from.hr\/#\/schema\/person\/aea8c0e9f30d13d5482591504b7e2d90\"},\"potentialAction\":[{\"@type\":\"SearchAction\",\"target\":{\"@type\":\"EntryPoint\",\"urlTemplate\":\"http:\/\/josip-rukelj.from.hr\/?s={search_term_string}\"},\"query-input\":\"required name=search_term_string\"}],\"inLanguage\":\"hr\"},{\"@type\":\"ImageObject\",\"@id\":\"http:\/\/josip-rukelj.from.hr\/?page_id=303#primaryimage\",\"inLanguage\":\"hr\",\"url\":\"http:\/\/from.hr\/josip-rukelj\/files\/2022\/10\/Biblija-365-qr-code-2-150x150.png\",\"contentUrl\":\"http:\/\/from.hr\/josip-rukelj\/files\/2022\/10\/Biblija-365-qr-code-2-150x150.png\"},{\"@type\":\"WebPage\",\"@id\":\"http:\/\/josip-rukelj.from.hr\/?page_id=303#webpage\",\"url\":\"http:\/\/josip-rukelj.from.hr\/?page_id=303\",\"name\":\"Video - Religiozna kultura i etika\",\"isPartOf\":{\"@id\":\"http:\/\/josip-rukelj.from.hr\/#website\"},\"primaryImageOfPage\":{\"@id\":\"http:\/\/josip-rukelj.from.hr\/?page_id=303#primaryimage\"},\"datePublished\":\"2014-08-24T18:35:38+00:00\",\"dateModified\":\"2023-01-21T19:26:31+00:00\",\"breadcrumb\":{\"@id\":\"http:\/\/josip-rukelj.from.hr\/?page_id=303#breadcrumb\"},\"inLanguage\":\"hr\",\"potentialAction\":[{\"@type\":\"ReadAction\",\"target\":[\"http:\/\/josip-rukelj.from.hr\/?page_id=303\"]}]},{\"@type\":\"BreadcrumbList\",\"@id\":\"http:\/\/josip-rukelj.from.hr\/?page_id=303#breadcrumb\",\"itemListElement\":[{\"@type\":\"ListItem\",\"position\":1,\"name\":\"Home\",\"item\":\"http:\/\/josip-rukelj.from.hr\/\"},{\"@type\":\"ListItem\",\"position\":2,\"name\":\"Video\"}]}]}<\/script>\n<!-- \/ Yoast SEO plugin. -->","yoast_head_json":{"robots":{"index":"index","follow":"follow","max-snippet":"max-snippet:-1","max-image-preview":"max-image-preview:large","max-video-preview":"max-video-preview:-1"},"canonical":"http:\/\/josip-rukelj.from.hr\/?page_id=303","og_locale":"hr_HR","og_type":"article","og_title":"Video - Religiozna kultura i etika","og_description":"VIDEO Zajednica Arka snimila je dojmljiv video nadahnut Lukinim evan\u0111eljem: Kad prire\u0111uje\u0161 gozbu&#8230; Bo\u017eja pobjeda [LIVE] &#8211; VI\u0160E TEBE #3 \u2013 Du\u0161e Sveti, dobrodo\u0161ao\/Dubine\/Evo dajem sve\/Divan si Pred Tobom\/Di\u0161em\/Ti moj si \u0161tit Bo\u017eja pobjeda [LIVE] &#8211; VI\u0160E TEBE #1 \u2013 &hellip; Nastavi \u010ditati &rarr;","og_url":"http:\/\/josip-rukelj.from.hr\/?page_id=303","og_site_name":"Religiozna kultura i etika","article_modified_time":"2023-01-21T19:26:31+00:00","og_image":[{"url":"http:\/\/from.hr\/josip-rukelj\/files\/2022\/10\/Biblija-365-qr-code-2-150x150.png"}],"twitter_card":"summary","twitter_misc":{"Procijenjeno vrijeme \u010ditanja":"2 minute"},"schema":{"@context":"https:\/\/schema.org","@graph":[{"@type":["Person","Organization"],"@id":"http:\/\/josip-rukelj.from.hr\/#\/schema\/person\/aea8c0e9f30d13d5482591504b7e2d90","name":"josip-rukelj","logo":{"@id":"http:\/\/josip-rukelj.from.hr\/#personlogo"},"sameAs":["http:\/\/www.josiprukelj.com"]},{"@type":"WebSite","@id":"http:\/\/josip-rukelj.from.hr\/#website","url":"http:\/\/josip-rukelj.from.hr\/","name":"Religiozna kultura i etika","description":"Upoznaj samog sebe","publisher":{"@id":"http:\/\/josip-rukelj.from.hr\/#\/schema\/person\/aea8c0e9f30d13d5482591504b7e2d90"},"potentialAction":[{"@type":"SearchAction","target":{"@type":"EntryPoint","urlTemplate":"http:\/\/josip-rukelj.from.hr\/?s={search_term_string}"},"query-input":"required name=search_term_string"}],"inLanguage":"hr"},{"@type":"ImageObject","@id":"http:\/\/josip-rukelj.from.hr\/?page_id=303#primaryimage","inLanguage":"hr","url":"http:\/\/from.hr\/josip-rukelj\/files\/2022\/10\/Biblija-365-qr-code-2-150x150.png","contentUrl":"http:\/\/from.hr\/josip-rukelj\/files\/2022\/10\/Biblija-365-qr-code-2-150x150.png"},{"@type":"WebPage","@id":"http:\/\/josip-rukelj.from.hr\/?page_id=303#webpage","url":"http:\/\/josip-rukelj.from.hr\/?page_id=303","name":"Video - Religiozna kultura i etika","isPartOf":{"@id":"http:\/\/josip-rukelj.from.hr\/#website"},"primaryImageOfPage":{"@id":"http:\/\/josip-rukelj.from.hr\/?page_id=303#primaryimage"},"datePublished":"2014-08-24T18:35:38+00:00","dateModified":"2023-01-21T19:26:31+00:00","breadcrumb":{"@id":"http:\/\/josip-rukelj.from.hr\/?page_id=303#breadcrumb"},"inLanguage":"hr","potentialAction":[{"@type":"ReadAction","target":["http:\/\/josip-rukelj.from.hr\/?page_id=303"]}]},{"@type":"BreadcrumbList","@id":"http:\/\/josip-rukelj.from.hr\/?page_id=303#breadcrumb","itemListElement":[{"@type":"ListItem","position":1,"name":"Home","item":"http:\/\/josip-rukelj.from.hr\/"},{"@type":"ListItem","position":2,"name":"Video"}]}]}},"_links":{"self":[{"href":"http:\/\/josip-rukelj.from.hr\/index.php?rest_route=\/wp\/v2\/pages\/303"}],"collection":[{"href":"http:\/\/josip-rukelj.from.hr\/index.php?rest_route=\/wp\/v2\/pages"}],"about":[{"href":"http:\/\/josip-rukelj.from.hr\/index.php?rest_route=\/wp\/v2\/types\/page"}],"author":[{"embeddable":true,"href":"http:\/\/josip-rukelj.from.hr\/index.php?rest_route=\/wp\/v2\/users\/357"}],"replies":[{"embeddable":true,"href":"http:\/\/josip-rukelj.from.hr\/index.php?rest_route=%2Fwp%2Fv2%2Fcomments&post=303"}],"version-history":[{"count":66,"href":"http:\/\/josip-rukelj.from.hr\/index.php?rest_route=\/wp\/v2\/pages\/303\/revisions"}],"predecessor-version":[{"id":2203,"href":"http:\/\/josip-rukelj.from.hr\/index.php?rest_route=\/wp\/v2\/pages\/303\/revisions\/2203"}],"wp:attachment":[{"href":"http:\/\/josip-rukelj.from.hr\/index.php?rest_route=%2Fwp%2Fv2%2Fmedia&parent=303"}],"curies":[{"name":"wp","href":"https:\/\/api.w.org\/{rel}","templated":true}]}}