{"id":786,"date":"2017-10-16T16:03:10","date_gmt":"2017-10-16T15:03:10","guid":{"rendered":"http:\/\/josip-rukelj.from.hr\/?page_id=786"},"modified":"2020-04-07T17:32:03","modified_gmt":"2020-04-07T16:32:03","slug":"biblija-i-tumacenje","status":"publish","type":"page","link":"http:\/\/josip-rukelj.from.hr\/?page_id=786","title":{"rendered":"Biblija i tuma\u010denje (video)"},"content":{"rendered":"<p><strong>1.&nbsp;<a href=\"https:\/\/www.katholisch.de\/video\/1198-1-13-von-jesus-zu-christus\" target=\"_blank\">Od Isusa do Krista<\/a>&nbsp;<\/strong>(njema\u010dki jezik)<br \/>\n1. Epizoda&nbsp; serije &#8220;2000 godina kr\u0161\u0107anstva&#8221; (0 \u200b\u200b- 400)<\/p>\n<p><strong>2. <a href=\"https:\/\/www.katholisch.de\/video\/1200-2-13-fesseln-der-macht\" target=\"_blank\">Okovi snage<\/a><br \/>\n<\/strong>2.&nbsp; Epizoda&nbsp; serije &#8220;2000 godina kr\u0161\u0107anstva&#8221; (0 \u200b\u200b- 400)<strong><br \/>\n<\/strong><\/p>\n","protected":false},"excerpt":{"rendered":"<p>1.&nbsp;Od Isusa do Krista&nbsp;(njema\u010dki jezik) 1. Epizoda&nbsp; serije &#8220;2000 godina kr\u0161\u0107anstva&#8221; (0 \u200b\u200b- 400) 2. Okovi snage 2.&nbsp; Epizoda&nbsp; serije &#8220;2000 godina kr\u0161\u0107anstva&#8221; (0 \u200b\u200b- 400)<\/p>\n","protected":false},"author":357,"featured_media":0,"parent":205,"menu_order":0,"comment_status":"closed","ping_status":"closed","template":"","meta":{"ngg_post_thumbnail":0},"yoast_head":"<!-- This site is optimized with the Yoast SEO plugin v17.5 - https:\/\/yoast.com\/wordpress\/plugins\/seo\/ -->\n<meta name=\"robots\" content=\"index, follow, max-snippet:-1, max-image-preview:large, max-video-preview:-1\" \/>\n<link rel=\"canonical\" href=\"http:\/\/josip-rukelj.from.hr\/?page_id=786\" \/>\n<meta property=\"og:locale\" content=\"hr_HR\" \/>\n<meta property=\"og:type\" content=\"article\" \/>\n<meta property=\"og:title\" content=\"Biblija i tuma\u010denje (video) - Religiozna kultura i etika\" \/>\n<meta property=\"og:description\" content=\"1.&nbsp;Od Isusa do Krista&nbsp;(njema\u010dki jezik) 1. Epizoda&nbsp; serije &#8220;2000 godina kr\u0161\u0107anstva&#8221; (0 \u200b\u200b- 400) 2. Okovi snage 2.&nbsp; Epizoda&nbsp; serije &#8220;2000 godina kr\u0161\u0107anstva&#8221; (0 \u200b\u200b- 400)\" \/>\n<meta property=\"og:url\" content=\"http:\/\/josip-rukelj.from.hr\/?page_id=786\" \/>\n<meta property=\"og:site_name\" content=\"Religiozna kultura i etika\" \/>\n<meta property=\"article:modified_time\" content=\"2020-04-07T16:32:03+00:00\" \/>\n<meta name=\"twitter:card\" content=\"summary\" \/>\n<script type=\"application\/ld+json\" class=\"yoast-schema-graph\">{\"@context\":\"https:\/\/schema.org\",\"@graph\":[{\"@type\":[\"Person\",\"Organization\"],\"@id\":\"http:\/\/josip-rukelj.from.hr\/#\/schema\/person\/aea8c0e9f30d13d5482591504b7e2d90\",\"name\":\"josip-rukelj\",\"logo\":{\"@id\":\"http:\/\/josip-rukelj.from.hr\/#personlogo\"},\"sameAs\":[\"http:\/\/www.josiprukelj.com\"]},{\"@type\":\"WebSite\",\"@id\":\"http:\/\/josip-rukelj.from.hr\/#website\",\"url\":\"http:\/\/josip-rukelj.from.hr\/\",\"name\":\"Religiozna kultura i etika\",\"description\":\"Upoznaj samog sebe\",\"publisher\":{\"@id\":\"http:\/\/josip-rukelj.from.hr\/#\/schema\/person\/aea8c0e9f30d13d5482591504b7e2d90\"},\"potentialAction\":[{\"@type\":\"SearchAction\",\"target\":{\"@type\":\"EntryPoint\",\"urlTemplate\":\"http:\/\/josip-rukelj.from.hr\/?s={search_term_string}\"},\"query-input\":\"required name=search_term_string\"}],\"inLanguage\":\"hr\"},{\"@type\":\"WebPage\",\"@id\":\"http:\/\/josip-rukelj.from.hr\/?page_id=786#webpage\",\"url\":\"http:\/\/josip-rukelj.from.hr\/?page_id=786\",\"name\":\"Biblija i tuma\\u010denje (video) - Religiozna kultura i etika\",\"isPartOf\":{\"@id\":\"http:\/\/josip-rukelj.from.hr\/#website\"},\"datePublished\":\"2017-10-16T15:03:10+00:00\",\"dateModified\":\"2020-04-07T16:32:03+00:00\",\"breadcrumb\":{\"@id\":\"http:\/\/josip-rukelj.from.hr\/?page_id=786#breadcrumb\"},\"inLanguage\":\"hr\",\"potentialAction\":[{\"@type\":\"ReadAction\",\"target\":[\"http:\/\/josip-rukelj.from.hr\/?page_id=786\"]}]},{\"@type\":\"BreadcrumbList\",\"@id\":\"http:\/\/josip-rukelj.from.hr\/?page_id=786#breadcrumb\",\"itemListElement\":[{\"@type\":\"ListItem\",\"position\":1,\"name\":\"Home\",\"item\":\"http:\/\/josip-rukelj.from.hr\/\"},{\"@type\":\"ListItem\",\"position\":2,\"name\":\"Vjeronauk\",\"item\":\"http:\/\/josip-rukelj.from.hr\/?page_id=205\"},{\"@type\":\"ListItem\",\"position\":3,\"name\":\"Biblija i tuma\\u010denje (video)\"}]}]}<\/script>\n<!-- \/ Yoast SEO plugin. -->","yoast_head_json":{"robots":{"index":"index","follow":"follow","max-snippet":"max-snippet:-1","max-image-preview":"max-image-preview:large","max-video-preview":"max-video-preview:-1"},"canonical":"http:\/\/josip-rukelj.from.hr\/?page_id=786","og_locale":"hr_HR","og_type":"article","og_title":"Biblija i tuma\u010denje (video) - Religiozna kultura i etika","og_description":"1.&nbsp;Od Isusa do Krista&nbsp;(njema\u010dki jezik) 1. Epizoda&nbsp; serije &#8220;2000 godina kr\u0161\u0107anstva&#8221; (0 \u200b\u200b- 400) 2. Okovi snage 2.&nbsp; Epizoda&nbsp; serije &#8220;2000 godina kr\u0161\u0107anstva&#8221; (0 \u200b\u200b- 400)","og_url":"http:\/\/josip-rukelj.from.hr\/?page_id=786","og_site_name":"Religiozna kultura i etika","article_modified_time":"2020-04-07T16:32:03+00:00","twitter_card":"summary","schema":{"@context":"https:\/\/schema.org","@graph":[{"@type":["Person","Organization"],"@id":"http:\/\/josip-rukelj.from.hr\/#\/schema\/person\/aea8c0e9f30d13d5482591504b7e2d90","name":"josip-rukelj","logo":{"@id":"http:\/\/josip-rukelj.from.hr\/#personlogo"},"sameAs":["http:\/\/www.josiprukelj.com"]},{"@type":"WebSite","@id":"http:\/\/josip-rukelj.from.hr\/#website","url":"http:\/\/josip-rukelj.from.hr\/","name":"Religiozna kultura i etika","description":"Upoznaj samog sebe","publisher":{"@id":"http:\/\/josip-rukelj.from.hr\/#\/schema\/person\/aea8c0e9f30d13d5482591504b7e2d90"},"potentialAction":[{"@type":"SearchAction","target":{"@type":"EntryPoint","urlTemplate":"http:\/\/josip-rukelj.from.hr\/?s={search_term_string}"},"query-input":"required name=search_term_string"}],"inLanguage":"hr"},{"@type":"WebPage","@id":"http:\/\/josip-rukelj.from.hr\/?page_id=786#webpage","url":"http:\/\/josip-rukelj.from.hr\/?page_id=786","name":"Biblija i tuma\u010denje (video) - Religiozna kultura i etika","isPartOf":{"@id":"http:\/\/josip-rukelj.from.hr\/#website"},"datePublished":"2017-10-16T15:03:10+00:00","dateModified":"2020-04-07T16:32:03+00:00","breadcrumb":{"@id":"http:\/\/josip-rukelj.from.hr\/?page_id=786#breadcrumb"},"inLanguage":"hr","potentialAction":[{"@type":"ReadAction","target":["http:\/\/josip-rukelj.from.hr\/?page_id=786"]}]},{"@type":"BreadcrumbList","@id":"http:\/\/josip-rukelj.from.hr\/?page_id=786#breadcrumb","itemListElement":[{"@type":"ListItem","position":1,"name":"Home","item":"http:\/\/josip-rukelj.from.hr\/"},{"@type":"ListItem","position":2,"name":"Vjeronauk","item":"http:\/\/josip-rukelj.from.hr\/?page_id=205"},{"@type":"ListItem","position":3,"name":"Biblija i tuma\u010denje (video)"}]}]}},"_links":{"self":[{"href":"http:\/\/josip-rukelj.from.hr\/index.php?rest_route=\/wp\/v2\/pages\/786"}],"collection":[{"href":"http:\/\/josip-rukelj.from.hr\/index.php?rest_route=\/wp\/v2\/pages"}],"about":[{"href":"http:\/\/josip-rukelj.from.hr\/index.php?rest_route=\/wp\/v2\/types\/page"}],"author":[{"embeddable":true,"href":"http:\/\/josip-rukelj.from.hr\/index.php?rest_route=\/wp\/v2\/users\/357"}],"replies":[{"embeddable":true,"href":"http:\/\/josip-rukelj.from.hr\/index.php?rest_route=%2Fwp%2Fv2%2Fcomments&post=786"}],"version-history":[{"count":8,"href":"http:\/\/josip-rukelj.from.hr\/index.php?rest_route=\/wp\/v2\/pages\/786\/revisions"}],"predecessor-version":[{"id":1794,"href":"http:\/\/josip-rukelj.from.hr\/index.php?rest_route=\/wp\/v2\/pages\/786\/revisions\/1794"}],"up":[{"embeddable":true,"href":"http:\/\/josip-rukelj.from.hr\/index.php?rest_route=\/wp\/v2\/pages\/205"}],"wp:attachment":[{"href":"http:\/\/josip-rukelj.from.hr\/index.php?rest_route=%2Fwp%2Fv2%2Fmedia&parent=786"}],"curies":[{"name":"wp","href":"https:\/\/api.w.org\/{rel}","templated":true}]}}